{"version":"1.0","provider_name":"Marie Claire Belgique","provider_url":"https:\/\/marieclaire.be\/fr","author_name":"Malvine Sevrin","author_url":"https:\/\/marieclaire.be\/fr\/author\/malvine\/","title":"#MeToocin\u00e9ma : Juliette Godr\u00e8che d\u00e9voilera \u00e0 Cannes un film consacr\u00e9 aux violences sexuelles - Marie Claire Belgique","type":"rich","width":600,"height":338,"html":"<blockquote class=\"wp-embedded-content\" data-secret=\"sFbJE2ay5l\"><a href=\"https:\/\/marieclaire.be\/fr\/festival-cannes-film-juliette-godreche\/\">#MeToocin\u00e9ma : Juliette Godr\u00e8che d\u00e9voilera \u00e0 Cannes un film consacr\u00e9 aux violences sexuelles<\/a><\/blockquote><iframe sandbox=\"allow-scripts\" security=\"restricted\" src=\"https:\/\/marieclaire.be\/fr\/festival-cannes-film-juliette-godreche\/embed\/#?secret=sFbJE2ay5l\" width=\"600\" height=\"338\" title=\"\u00ab\u00a0#MeToocin\u00e9ma : Juliette Godr\u00e8che d\u00e9voilera \u00e0 Cannes un film consacr\u00e9 aux violences sexuelles\u00a0\u00bb &#8212; Marie Claire Belgique\" data-secret=\"sFbJE2ay5l\" frameborder=\"0\" marginwidth=\"0\" marginheight=\"0\" scrolling=\"no\" class=\"wp-embedded-content\"><\/iframe><script type=\"text\/javascript\">\n\/* <![CDATA[ *\/\n\/*! This file is auto-generated *\/\n!function(d,l){\"use strict\";l.querySelector&&d.addEventListener&&\"undefined\"!=typeof URL&&(d.wp=d.wp||{},d.wp.receiveEmbedMessage||(d.wp.receiveEmbedMessage=function(e){var t=e.data;if((t||t.secret||t.message||t.value)&&!\/[^a-zA-Z0-9]\/.test(t.secret)){for(var s,r,n,a=l.querySelectorAll('iframe[data-secret=\"'+t.secret+'\"]'),o=l.querySelectorAll('blockquote[data-secret=\"'+t.secret+'\"]'),c=new RegExp(\"^https?:$\",\"i\"),i=0;i<o.length;i++)o[i].style.display=\"none\";for(i=0;i<a.length;i++)s=a[i],e.source===s.contentWindow&&(s.removeAttribute(\"style\"),\"height\"===t.message?(1e3<(r=parseInt(t.value,10))?r=1e3:~~r<200&&(r=200),s.height=r):\"link\"===t.message&&(r=new URL(s.getAttribute(\"src\")),n=new URL(t.value),c.test(n.protocol))&&n.host===r.host&&l.activeElement===s&&(d.top.location.href=t.value))}},d.addEventListener(\"message\",d.wp.receiveEmbedMessage,!1),l.addEventListener(\"DOMContentLoaded\",function(){for(var e,t,s=l.querySelectorAll(\"iframe.wp-embedded-content\"),r=0;r<s.length;r++)(t=(e=s[r]).getAttribute(\"data-secret\"))||(t=Math.random().toString(36).substring(2,12),e.src+=\"#?secret=\"+t,e.setAttribute(\"data-secret\",t)),e.contentWindow.postMessage({message:\"ready\",secret:t},\"*\")},!1)))}(window,document);\n\/* ]]> *\/\n<\/script>\n","thumbnail_url":"https:\/\/marieclaire.be\/fr\/wp-content\/uploads\/2024\/05\/film-godreche.png","thumbnail_width":1200,"thumbnail_height":628,"description":"Pendant la 77e \u00e9dition du Festival de Cannes, qui se tiendra du 14 au 25 mai 2024, le film \"Moi aussi\" de Judith Godr\u00e8che sera pr\u00e9sent\u00e9 lors de la c\u00e9r\u00e9monie d'ouverture de la section Un Certain Regard."}

#MeToocinéma : Juliette Godrèche dévoilera à Cannes un film consacré aux violences sexuelles - Marie Claire Belgique

<blockquote class="wp-embedded-content" data-secret="sFbJE2ay5l"><a href="https://marieclaire.be/fr/festival-cannes-film-juliette-godreche/">#MeToocinéma : Juliette Godrèche dévoilera à Cannes un film consacré aux violences sexuelles</a></blockquote><iframe sandbox="allow-scripts" security="restricted" src="https://marieclaire.be/fr/festival-cannes-film-juliette-godreche/embed/#?secret=sFbJE2ay5l" width="600" height="338" title="« #MeToocinéma : Juliette Godrèche dévoilera à Cannes un film consacré aux violences sexuelles » &#8212; Marie Claire Belgique" data-secret="sFbJE2ay5l" frameborder="0" marginwidth="0" marginheight="0" scrolling="no" class="wp-embedded-content"></iframe><script type="text/javascript">
/* <![CDATA[ */
/*! This file is auto-generated */
!function(d,l){"use strict";l.querySelector&&d.addEventListener&&"undefined"!=typeof URL&&(d.wp=d.wp||{},d.wp.receiveEmbedMessage||(d.wp.receiveEmbedMessage=function(e){var t=e.data;if((t||t.secret||t.message||t.value)&&!/[^a-zA-Z0-9]/.test(t.secret)){for(var s,r,n,a=l.querySelectorAll('iframe[data-secret="'+t.secret+'"]'),o=l.querySelectorAll('blockquote[data-secret="'+t.secret+'"]'),c=new RegExp("^https?:$","i"),i=0;i<o.length;i++)o[i].style.display="none";for(i=0;i<a.length;i++)s=a[i],e.source===s.contentWindow&&(s.removeAttribute("style"),"height"===t.message?(1e3<(r=parseInt(t.value,10))?r=1e3:~~r<200&&(r=200),s.height=r):"link"===t.message&&(r=new URL(s.getAttribute("src")),n=new URL(t.value),c.test(n.protocol))&&n.host===r.host&&l.activeElement===s&&(d.top.location.href=t.value))}},d.addEventListener("message",d.wp.receiveEmbedMessage,!1),l.addEventListener("DOMContentLoaded",function(){for(var e,t,s=l.querySelectorAll("iframe.wp-embedded-content"),r=0;r<s.length;r++)(t=(e=s[r]).getAttribute("data-secret"))||(t=Math.random().toString(36).substring(2,12),e.src+="#?secret="+t,e.setAttribute("data-secret",t)),e.contentWindow.postMessage({message:"ready",secret:t},"*")},!1)))}(window,document);
/* ]]> */
</script>

Pendant la 77e édition du Festival de Cannes, qui se tiendra du 14 au 25 mai 2024, le film "Moi aussi" de Judith Godrèche sera présenté lors de la cérémonie d'ouverture de la section Un Certain Regard.
