{"version":"1.0","provider_name":"Marie Claire Belgique","provider_url":"https:\/\/marieclaire.be\/fr","author_name":"Belen Ucros","author_url":"https:\/\/marieclaire.be\/fr\/author\/belen\/","title":"Brussels Yoga Day 2018: on vous donne rendez-vous le 24 juin au Bois de La Cambre ! - Marie Claire Belgique","type":"rich","width":600,"height":338,"html":"<blockquote class=\"wp-embedded-content\" data-secret=\"kLL7neAiBM\"><a href=\"https:\/\/marieclaire.be\/fr\/brussels-yoga-day-2018\/\">Brussels Yoga Day 2018: on vous donne rendez-vous le 24 juin au Bois de La Cambre !<\/a><\/blockquote><iframe sandbox=\"allow-scripts\" security=\"restricted\" src=\"https:\/\/marieclaire.be\/fr\/brussels-yoga-day-2018\/embed\/#?secret=kLL7neAiBM\" width=\"600\" height=\"338\" title=\"\u00ab\u00a0Brussels Yoga Day 2018: on vous donne rendez-vous le 24 juin au Bois de La Cambre !\u00a0\u00bb &#8212; Marie Claire Belgique\" data-secret=\"kLL7neAiBM\" frameborder=\"0\" marginwidth=\"0\" marginheight=\"0\" scrolling=\"no\" class=\"wp-embedded-content\"><\/iframe><script type=\"text\/javascript\">\n\/* <![CDATA[ *\/\n\/*! This file is auto-generated *\/\n!function(d,l){\"use strict\";l.querySelector&&d.addEventListener&&\"undefined\"!=typeof URL&&(d.wp=d.wp||{},d.wp.receiveEmbedMessage||(d.wp.receiveEmbedMessage=function(e){var t=e.data;if((t||t.secret||t.message||t.value)&&!\/[^a-zA-Z0-9]\/.test(t.secret)){for(var s,r,n,a=l.querySelectorAll('iframe[data-secret=\"'+t.secret+'\"]'),o=l.querySelectorAll('blockquote[data-secret=\"'+t.secret+'\"]'),c=new RegExp(\"^https?:$\",\"i\"),i=0;i<o.length;i++)o[i].style.display=\"none\";for(i=0;i<a.length;i++)s=a[i],e.source===s.contentWindow&&(s.removeAttribute(\"style\"),\"height\"===t.message?(1e3<(r=parseInt(t.value,10))?r=1e3:~~r<200&&(r=200),s.height=r):\"link\"===t.message&&(r=new URL(s.getAttribute(\"src\")),n=new URL(t.value),c.test(n.protocol))&&n.host===r.host&&l.activeElement===s&&(d.top.location.href=t.value))}},d.addEventListener(\"message\",d.wp.receiveEmbedMessage,!1),l.addEventListener(\"DOMContentLoaded\",function(){for(var e,t,s=l.querySelectorAll(\"iframe.wp-embedded-content\"),r=0;r<s.length;r++)(t=(e=s[r]).getAttribute(\"data-secret\"))||(t=Math.random().toString(36).substring(2,12),e.src+=\"#?secret=\"+t,e.setAttribute(\"data-secret\",t)),e.contentWindow.postMessage({message:\"ready\",secret:t},\"*\")},!1)))}(window,document);\n\/* ]]> *\/\n<\/script>\n","thumbnail_url":"https:\/\/marieclaire.be\/fr\/wp-content\/uploads\/2018\/05\/marieclaire_yogaday2018_cover.jpg","thumbnail_width":1050,"thumbnail_height":550,"description":"Une s\u00e9ance de yoga g\u00e9ante gratuite, \u00e7a vous tente? Pour sa cinqui\u00e8me \u00e9dition, le Brussels Yoga Day 2018 vous invite au Bois de La Cambre pour une salutation au soleil g\u00e9ante. On vous explique pourquoi il faut y aller."}

Une séance de yoga géante gratuite, ça vous tente? Pour sa cinquième édition, le Brussels Yoga Day 2018 vous invite au Bois de La Cambre pour une salutation au soleil géante. On vous explique pourquoi il faut y aller.
