{"version":"1.0","provider_name":"Marie Claire Belgique","provider_url":"https:\/\/marieclaire.be\/fr","author_name":"Marie Claire Partenaire","author_url":"https:\/\/marieclaire.be\/fr\/author\/marie-claire-os\/","title":"5\u00a0looks m\u00e8re-fille pour ce printemps - Marie Claire Belgique","type":"rich","width":600,"height":338,"html":"<blockquote class=\"wp-embedded-content\" data-secret=\"fWLrFam9Sr\"><a href=\"https:\/\/marieclaire.be\/fr\/5-looks-mere-fille-pour-ce-printemps-2\/\">5\u00a0looks m\u00e8re-fille pour ce printemps<\/a><\/blockquote><iframe sandbox=\"allow-scripts\" security=\"restricted\" src=\"https:\/\/marieclaire.be\/fr\/5-looks-mere-fille-pour-ce-printemps-2\/embed\/#?secret=fWLrFam9Sr\" width=\"600\" height=\"338\" title=\"\u00ab\u00a05\u00a0looks m\u00e8re-fille pour ce printemps\u00a0\u00bb &#8212; Marie Claire Belgique\" data-secret=\"fWLrFam9Sr\" frameborder=\"0\" marginwidth=\"0\" marginheight=\"0\" scrolling=\"no\" class=\"wp-embedded-content\"><\/iframe><script type=\"text\/javascript\">\n\/* <![CDATA[ *\/\n\/*! This file is auto-generated *\/\n!function(d,l){\"use strict\";l.querySelector&&d.addEventListener&&\"undefined\"!=typeof URL&&(d.wp=d.wp||{},d.wp.receiveEmbedMessage||(d.wp.receiveEmbedMessage=function(e){var t=e.data;if((t||t.secret||t.message||t.value)&&!\/[^a-zA-Z0-9]\/.test(t.secret)){for(var s,r,n,a=l.querySelectorAll('iframe[data-secret=\"'+t.secret+'\"]'),o=l.querySelectorAll('blockquote[data-secret=\"'+t.secret+'\"]'),c=new RegExp(\"^https?:$\",\"i\"),i=0;i<o.length;i++)o[i].style.display=\"none\";for(i=0;i<a.length;i++)s=a[i],e.source===s.contentWindow&&(s.removeAttribute(\"style\"),\"height\"===t.message?(1e3<(r=parseInt(t.value,10))?r=1e3:~~r<200&&(r=200),s.height=r):\"link\"===t.message&&(r=new URL(s.getAttribute(\"src\")),n=new URL(t.value),c.test(n.protocol))&&n.host===r.host&&l.activeElement===s&&(d.top.location.href=t.value))}},d.addEventListener(\"message\",d.wp.receiveEmbedMessage,!1),l.addEventListener(\"DOMContentLoaded\",function(){for(var e,t,s=l.querySelectorAll(\"iframe.wp-embedded-content\"),r=0;r<s.length;r++)(t=(e=s[r]).getAttribute(\"data-secret\"))||(t=Math.random().toString(36).substring(2,12),e.src+=\"#?secret=\"+t,e.setAttribute(\"data-secret\",t)),e.contentWindow.postMessage({message:\"ready\",secret:t},\"*\")},!1)))}(window,document);\n\/* ]]> *\/\n<\/script>\n","thumbnail_url":"https:\/\/marieclaire.be\/fr\/wp-content\/uploads\/2020\/03\/marieclaire_1200x628-1.jpg","thumbnail_width":1280,"thumbnail_height":670,"description":"Tendance, casual chic et sportif\u00a0: les plus jeunes d\u2019entre nous ont aussi envie d\u2019adopter un outfit parfait pour accueillir les beaux jours. Voil\u00e0 pourquoi l\u2019influenceuse engag\u00e9e Ga\u00eblle Van Rosen et sa fille Gabri\u00eblle affichent d\u00e9j\u00e0 leurs plus belles tenues Kocca du printemps\/\u00e9t\u00e9\u00a02020."}

5 looks mère-fille pour ce printemps - Marie Claire Belgique

<blockquote class="wp-embedded-content" data-secret="fWLrFam9Sr"><a href="https://marieclaire.be/fr/5-looks-mere-fille-pour-ce-printemps-2/">5 looks mère-fille pour ce printemps</a></blockquote><iframe sandbox="allow-scripts" security="restricted" src="https://marieclaire.be/fr/5-looks-mere-fille-pour-ce-printemps-2/embed/#?secret=fWLrFam9Sr" width="600" height="338" title="« 5 looks mère-fille pour ce printemps » &#8212; Marie Claire Belgique" data-secret="fWLrFam9Sr" frameborder="0" marginwidth="0" marginheight="0" scrolling="no" class="wp-embedded-content"></iframe><script type="text/javascript">
/* <![CDATA[ */
/*! This file is auto-generated */
!function(d,l){"use strict";l.querySelector&&d.addEventListener&&"undefined"!=typeof URL&&(d.wp=d.wp||{},d.wp.receiveEmbedMessage||(d.wp.receiveEmbedMessage=function(e){var t=e.data;if((t||t.secret||t.message||t.value)&&!/[^a-zA-Z0-9]/.test(t.secret)){for(var s,r,n,a=l.querySelectorAll('iframe[data-secret="'+t.secret+'"]'),o=l.querySelectorAll('blockquote[data-secret="'+t.secret+'"]'),c=new RegExp("^https?:$","i"),i=0;i<o.length;i++)o[i].style.display="none";for(i=0;i<a.length;i++)s=a[i],e.source===s.contentWindow&&(s.removeAttribute("style"),"height"===t.message?(1e3<(r=parseInt(t.value,10))?r=1e3:~~r<200&&(r=200),s.height=r):"link"===t.message&&(r=new URL(s.getAttribute("src")),n=new URL(t.value),c.test(n.protocol))&&n.host===r.host&&l.activeElement===s&&(d.top.location.href=t.value))}},d.addEventListener("message",d.wp.receiveEmbedMessage,!1),l.addEventListener("DOMContentLoaded",function(){for(var e,t,s=l.querySelectorAll("iframe.wp-embedded-content"),r=0;r<s.length;r++)(t=(e=s[r]).getAttribute("data-secret"))||(t=Math.random().toString(36).substring(2,12),e.src+="#?secret="+t,e.setAttribute("data-secret",t)),e.contentWindow.postMessage({message:"ready",secret:t},"*")},!1)))}(window,document);
/* ]]> */
</script>

Tendance, casual chic et sportif : les plus jeunes d’entre nous ont aussi envie d’adopter un outfit parfait pour accueillir les beaux jours. Voilà pourquoi l’influenceuse engagée Gaëlle Van Rosen et sa fille Gabriëlle affichent déjà leurs plus belles tenues Kocca du printemps/été 2020.
